 - 107. Calculate the remainder when 203 is divided by o.
13
Let s(q) be the third derivative of -q**5/60 + q**4/3 + 3*q**3/2 + 11*q**2. Calculate the remainder when s(7) is divided by 5.
1
Let t(x) be the first derivative of -8*x**2 - 49*x - 1. Calculate the remainder when t(-12) is divided by 48.
47
Let w = -1 + 107. Suppose -r = -10 + 4. Suppose 2*u + 2*h - 88 + 22 = 0, -r = 2*h. Calculate the remainder when w is divided by u.
34
Let f(h) = 2*h**2 - 3*h. Let t be f(2). Calculate the remainder when (-25)/((-75)/237) - (0 + 4) is divided by (-1)/t*19*-2.
18
Let s = -135 + -147. Calculate the remainder when ((-7)/14)/(3/s) is divided by 10.
7
Let f be (-3 - 2)*(-4)/(-10). What is the remainder when (163/3 + 1)/(f/(-3)) is divided by 28?
27
Suppose 8*b = 5*b + 87. Suppose 4*z - 1105 = -9*z. What is the remainder when z is divided by b?
27
Let g(h) = -h**3 - 5*h**2 + 7*h + 6. Let p be g(-5). Let s = p - -58. Suppose y + 2*y - 30 = 0. Calculate the remainder when s is divided by y.
9
What is the remainder when 3180/32 + 39/(-104) is divided by 15?
9
Let g = -604 - -157. Let p = -289 - g. Calculate the remainder when p is divided by 40.
38
Suppose 0 = -7*c - 7*c + 1792. Calculate the remainder when c is divided by 33.
29
Suppose -5*t = -3*t + 90. What is the remainder when 73 is divided by (-338)/(-18) + (-10)/t?
16
Let c = 52 + -30. Let g = 5 + c. Calculate the remainder when g is divided by 6.
3
Suppose 16 = y - 5*c, 0 = 2*y - 3*c - 26 - 6. Suppose a - y = -a. Suppose r - 2*m = 20, 5*r - 5*m - 43 = 42. What is the remainder when r is divided by a?
6
Let w = 135 - 84. Calculate the remainder when w is divided by 18.
15
Suppose -4*w + 5*r + 19 = 0, 0 = -6*w + 4*w + 4*r + 8. What is the remainder when 32 is divided by w?
2
Suppose 0 = 2*u + 79 + 123. Let f = u + 116. What is the remainder when 72 is divided by f?
12
Let j(a) = -17*a + 9. Calculate the remainder when j(-17) is divided by 76.
70
Let c = 148 + 31. Calculate the remainder when c is divided by 36.
35
Let t(p) = -54*p. Let g be t(-2). Let o = g - 46. Suppose o = 4*z + z + m, -3*z + 24 = 5*m. What is the remainder when 37 is divided by z?
11
Suppose 48 = x + x. Suppose -x + 87 = 2*b - o, 3*b - 4*o - 87 = 0. What is the remainder when b is divided by 9?
6
Let d be 5 - 6 - (-2 - 6). Let a(l) = -2 + 7*l**2 - 5 - l**3 - 3 + 4*l. What is the remainder when a(d) is divided by 5?
3
Let i = 21 - 25. What is the remainder when 4 + i - (-175 + 3) is divided by 35?
32
Let k(r) = -47*r + 145. What is the remainder when k(-8) is divided by 35?
31
Let o be -16 - ((1 - 0) + -4). Let i = o + 14. Let p(x) = 28*x**2 + 1. What is the remainder when p(i) is divided by 10?
9
Suppose 0 = -24*d + 1267 + 1877. Calculate the remainder when d is divided by 33.
32
Let k = 8 - 3. Suppose 3*a + 2*y - 1 = 9, -y = -k. Suppose -3*b + 120 = -a*b. What is the remainder when b is divided by 14?
12
Let y(h) = 4*h**2 + 218*h - 132. What is the remainder when 616 is divided by y(-56)?
4
Suppose -21 = -3*y - 6. Suppose 2*a = 4*r + 104, -y*r + 2*a - 3*a = 144. What is the remainder when 42 is divided by 8/r - 107/(-7)?
12
Let s = 58 - 25. Suppose 4*p = -3*i + s, 4*i - 63 = p - 0*p. What is the remainder when 147 is divided by i?
12
Let d = -63 + 68. What is the remainder when 108 is divided by d?
3
Let g(h) = h**2 + 17*h + 1. Let j be g(-17). Let b(x) = 167*x + 2. Calculate the remainder when b(j) is divided by 17.
16
Let p = -37 - -39. Suppose -p = -q + 18. What is the remainder when 55 is divided by q?
15
Suppose -b + 37 = -5*y, 0 = -60*b + 65*b + y - 133. Calculate the remainder when 941 is divided by b.
23
Let l be 93/4 - (-2)/(-8) - -1. Calculate the remainder when ((-2)/3*-3)/(l/1128) is divided by 24.
22
Let i(u) = -u**3 - 2*u**2 + 3*u - 4. Suppose -2*k - m + 16 + 197 = 0, -3*k - m + 320 = 0. Calculate the remainder when k is divided by i(-4).
11
Suppose -3*h = j - 4*j - 93, -66 = -2*h - 2*j. Calculate the remainder when h is divided by 20.
12
Let i be (15/(-20))/((-2)/8). Suppose 5*l - 5*p = 165, i*l - p = -0*p + 89. Calculate the remainder when l is divided by 5.
3
Let m(h) = h**2 - 8*h + 1. Let a be m(9). Calculate the remainder when 7 + a + 0/(-2) is divided by (-1)/(-1) + 1 + 7.
8
Let l = 4 - 6. Let r(w) = -8*w**3 + 4*w**2 + w + 1. Calculate the remainder when r(l) is divided by 20.
19
Let t be (-115)/(-25) + (-6)/(-15). What is the remainder when 33 is divided by -1*(t*-4 + 2)?
15
What is the remainder when 123 is divided by -32 + 24 + (-4)/(-2) - -48?
39
Let l = -635 - -1114. Suppose 4*y - 289 = 3*w - 6*w, -5*w + l = 4*y. What is the remainder when w is divided by 24?
23
Suppose -5*u - 41 = 3*q, 2*q = -2*q + 12. Calculate the remainder when (-2 + 8)*(-25)/u is divided by 6.
3
Let v = 1234 - 1211. Calculate the remainder when 218 is divided by v.
11
Let p(g) = g**3 + 16*g**2 + 20*g + 26. Calculate the remainder when p(-14) is divided by 28.
26
Suppose 2*u - 67 = -5*g, -2*g + 9 - 20 = -u. Calculate the remainder when u is divided by 4.
1
Suppose 152*a + 376 = 157*a - s, 4*s = 3*a - 212. Calculate the remainder when 89 is divided by a.
13
Suppose 17*w - 40*w = -2484. Calculate the remainder when w is divided by 5.
3
Let h be (-2)/((35/20)/(-7)). What is the remainder when 117 is divided by (0 - h/(-6))*(-1845)/(-82)?
27
Let v(p) = -p**2 + 12*p - 11. Suppose -2*l - 3*u + 9 = 0, 3*u = 4*l + u + 6. Suppose l = 3*m + 111 - 348. Calculate the remainder when m is divided by v(9).
15
Suppose -4*l = -2*l + 8. What is the remainder when 34 is divided by (-36)/(-2) + -3 - l?
15
Let n = -558 - -1127. What is the remainder when n is divided by 30?
29
Let z = 133 + 31. What is the remainder when z is divided by 34?
28
Let s(w) = -39*w**3 - 2*w**2 - 2*w - 1. Let h(o) = -o**2 - o. Let r be h(-1). What is the remainder when s(-1) is divided by r + 12 - (4 + -5)?
12
What is the remainder when 15 is divided by 55/(-10)*(36/33)/(-1)?
3
Suppose -2*f - 16 = -4*w - 6*f, 4*f = -8. Let r = -67 + 88. Calculate the remainder when r is divided by w.
3
Let g = -1333 - -1915. What is the remainder when g is divided by 65?
62
Let n(k) = 183*k**2 + 6*k - 4. Calculate the remainder when n(-1) is divided by 18.
11
Let k(h) = -h**3 + 5*h**2 + 2*h - 5. Let a be k(2). Let j = 12 - a. Calculate the remainder when j is divided by 1.
0
Let q(j) = -35*j + 48. What is the remainder when q(-13) is divided by 18?
17
Let q = -53 + 53. Suppose v - 19 = 13*u - 10*u, -5*v - 3*u + 77 = q. What is the remainder when 35 is divided by v?
3
Suppose 240 = -4*m - m. What is the remainder when (4 - -1)*m/(-5) is divided by 13?
9
Suppose x - 2 = -0*x. Suppose 2*b = z + 11, 4*z + 0*z + 28 = 4*b. Calculate the remainder when b is divided by x.
0
Let c(d) = -d**3 + 39*d**2 - 42*d + 161. What is the remainder when 2203 is divided by c(38)?
7
Let l be 15/(-2)*272/5. Calculate the remainder when (-9)/((-108)/8) + l/(-9) is divided by 16.
14
Suppose 3 = 5*l - 17. Suppose -l*w = -w - 6. Suppose -24 = -w*s - 3*f - f, 68 = 4*s + 3*f. What is the remainder when 77 is divided by s?
17
Let i(h) = -4*h + 13*h - 3*h - 5*h + 5. Let f be i(11). What is the remainder when (f/10)/((-2)/(-5)) is divided by 2?
0
Suppose -4*y + 92 = -4*t, -1 + 7 = -3*t. Calculate the remainder when 209 is divided by y.
20
Suppose j - 780 = -4*j. Suppose -8*h = -2*h - j. What is the remainder when h is divided by 7?
5
Let f = -51 + 72. Let z be (-6)/f - 176/(-28). Suppose 0 = z*l - 129 - 33. What is the remainder when l is divided by 10?
7
Suppose 0 = -85*o + 91*o - 1014. What is the remainder when o is divided by 90?
79
Let o = 145 - 123. Calculate the remainder when 153 is divided by o.
21
Let q = 317 - 294. Let k(n) = 37*n - 13. Calculate the remainder when k(4) is divided by q.
20
Let q be 128/22 - 2/(-11). Let t be -3*(0 - 86/6). Suppose 0 = b - t - q. What is the remainder when b is divided by 13?
10
Let n(a) = -6*a**2 - 3*a + 1. Let i be n(2). Let j = -19 - i. Suppose f + 4*f - j = 0. Calculate the remainder when 5 is divided by f.
1
Let p(h) = 11*h + 29. Calculate the remainder when 58 is divided by p(0).
0
Let y(x) = 9*x + 136. What is the remainder when 391 is divided by y(-12)?
27
Let n be 2/(-4)*(-52 + 14). Suppose -i - 11 = -n. What is the remainder when 47 is divided by i?
7
Let n be (4/(-6))